e 2*i = -y + 7*i + v, 3*y - 57 = 2*i. List the prime factors of y.
19
Let l(h) = -4*h**2 + 3*h**2 + 4*h**2 - 4*h**2 - 11*h + 16. Let v be l(-11). Let b = v + -10. List the prime factors of b.
2, 3
Suppose 0 = 4*q - b - 6472, 2*q + 3*b + b = 3236. What are the prime factors of q?
2, 809
Let u be ((-116)/6)/(260/(-45) + 6). Let t = -22 - u. What are the prime factors of t?
5, 13
Let g be (-16)/56 + (-172)/(-14). Let r be g/(-21) - (-18912)/(-28). List the prime factors of (-1)/7 + r/(-28).
2, 3
Suppose 2*b + 0*z - 4 = 2*z, 0 = -b - 3*z + 6. Suppose g - 12 = -b*g. Suppose 0 = g*i - 2*i - 3. List the prime factors of i.
3
Let v = -54 + 184. Let l = v - 55. List the prime factors of l.
3, 5
Let r be 8/(-40) - (-178)/(-10). Let p be (r/(-36))/((-2)/(-76)). Let o = p - 5. What are the prime factors of o?
2, 7
Let n = -9681 + 14099. What are the prime factors of n?
2, 47
Suppose -3*s - s = -3*k - 15, s - k = 5. Suppose s*j = 3*j - 207. What are the prime factors of j?
3, 23
Let t = -8 - -13. Suppose t*i - 25 = 0, 0 = d + 4*i - 2*i + 151. Let m = -105 - d. List the prime factors of m.
2, 7
Let j = 5987 + -3131. What are the prime factors of j?
2, 3, 7, 17
Suppose 3*h + 1354 = 4*y, 9*h + 1675 = 5*y + 14*h. List the prime factors of y.
337
Let y be ((-2)/7)/((-7)/49) - -69. Suppose y = 4*v - 273. List the prime factors of v.
2, 43
Let w(d) = 1929*d**2 + 7*d + 6. What are the prime factors of w(-1)?
2, 241
Suppose -16*n + 14*n + 40 = 0. List the prime factors of (n/6)/(498/99 + -5).
2, 5, 11
Suppose 0 = -3*a - 3 - 9. Let y(d) = -15*d - 2. List the prime factors of y(a).
2, 29
Let t = -11 - -12. List the prime factors of t/5 - (1527/(-15) + 2).
2, 5
Suppose 0 - 6 = -g. Suppose -5*s + g*s = 0. Suppose -5*v = 3*z - 61, s = -v + 8 - 3. List the prime factors of z.
2, 3
Let u = -728 + 1278. What are the prime factors of u?
2, 5, 11
Suppose 3*j - 197 = -5*l, 3*j = -0*j - 3. Let y = -12 + l. What are the prime factors of y?
2, 7
Suppose -5*d + 7 + 3 = 0. Suppose -h + p = -p - 128, 0 = p - d. List the prime factors of h.
2, 3, 11
Suppose 13*n + 156 = 3250. List the prime factors of n.
2, 7, 17
Let p(r) = 2*r**2 - 17*r + 10. Suppose 2*y - 1 = 15. Let n be p(y). Suppose 4*j + 41 = -n*l + 5*l, -2*l + 2*j + 30 = 0. What are the prime factors of l?
19
Let h = 95 - -629. What are the prime factors of h?
2, 181
Suppose -j + 2*d - 1 = 3, -2*d + 28 = 5*j. Suppose 4*p - 296 = -j*z, 2*p = z - 0 - 77. What are the prime factors of z?
3, 5
Let v = 169 - 88. Let i = v - 34. List the prime factors of i.
47
Let z = -71 + 47. What are the prime factors of (z/(-15))/(3/15)?
2
Suppose -2*h + 20 = -2*g, 5*g + 0 - 10 = -5*h. Suppose h*c - 480 = -4*c. What are the prime factors of c?
2, 3
Let h be -5*(54/(-15) - -3). Suppose -2*k = h*p - 187, 0 = -2*p + p + 2*k + 49. List the prime factors of p.
59
Suppose 0 = -x - 4*x - 4*p + 20, 2*p = -x + 10. Suppose x = 4*t - 453 + 173. List the prime factors of t.
2, 5, 7
Suppose -5*q = -j - 2*q + 550, 0 = 4*j + 4*q - 2136. List the prime factors of j.
2, 269
Suppose 0 = -2*r + 5*p - 20, 0 = p - 0*p + 4. List the prime factors of (-3472)/r - (-6)/15.
2, 3, 29
List the prime factors of -5 - 480/(-8)*(-27)/(-2).
5, 7, 23
Let c(q) be the third derivative of -3/8*q**4 + 1/60*q**5 - 3*q**2 + 0 + 0*q + 2*q**3. What are the prime factors of c(10)?
2, 11
Let m(u) = u**2 - 2*u + 7. Let g be m(-8). Suppose -g = 2*b - c - 318, -b - 4*c = -102. List the prime factors of b.
2, 3, 19
Let l = -213 - -312. List the prime factors of l.
3, 11
Let i = 32 - 6. Let d be i/(-22) + 4/22. Let k(f) = -f**3 + 1. What are the prime factors of k(d)?
2
Suppose 0 = 58*t - 50*t - 256. List the prime factors of t.
2
Let y(n) be the first derivative of n**4/4 - 2*n**3 + 3*n**2 + 6*n + 20. List the prime factors of y(7).
97
Let i = -2936 + 4628. What are the prime factors of i?
2, 3, 47
Let f(i) = -i**3 - i**2 - i + 319. What are the prime factors of f(0)?
11, 29
Let v = -1158 + 2008. What are the prime factors of v?
2, 5, 17
Let s be (16/(-14) - -1) + 57/7. Suppose 5*a + 141 = s*a. List the prime factors of a.
47
Let n = -33 + 57. Suppose j = -1 + n. Suppose j = o - 5*i, i = -2 + 7. What are the prime factors of o?
2, 3
Let q = 126 + -98. Let y = -5 + q. List the prime factors of y.
23
Suppose -w + t = -1, 3*w + 4*t - 3*t = -1. Suppose 4*q - z - 10 = w, 0 = 4*q + 3*z - 2 - 0. Suppose -q*m = -38 - 28. List the prime factors of m.
3, 11
Let h(d) = 3*d - 6. Let k be h(8). Let m = 9 + k. List the prime factors of m.
3
Suppose -w = 10*w + 33. List the prime factors of ((-237)/4)/(6*w/48).
2, 79
Let o = 608 + -82. List the prime factors of o.
2, 263
Let h = 200 + -122. Let n = h - 30. List the prime factors of (0 + -1)/((-4)/n).
2, 3
Let u(o) = 785*o + 212. What are the prime factors of u(5)?
3, 7, 197
Suppose y - 1070 = -158. List the prime factors of y.
2, 3, 19
Suppose 0 = 11*a + 3*a - 18340. List the prime factors of a.
2, 5, 131
What are the prime factors of -2 - ((-1)/1)/((-1)/(-2299))?
2297
Suppose b = 4*b + 9. Let n(r) = -r**3 - r**2 + r + 3. Let l be n(b). List the prime factors of (-3)/l - (-194)/12.
2
Let o(x) = 2*x**2 - 22*x - 22. Let y be o(16). Suppose -5*m + 57 = -y. List the prime factors of m.
3, 13
Let g(q) = -6*q**3 - 11*q**2 + q + 10. What are the prime factors of g(-6)?
2, 113
Let a(i) = i**2 + 6*i + 6. Let l be a(-6). Let c = -45 - -85. Let z = l + c. List the prime factors of z.
2, 23
Let y = 193 + 408. List the prime factors of y.
601
Let s(h) = -6*h**2 + 29*h + 14. Let g(p) = 4*p**2 - 19*p - 9. Let l(i) = 8*g(i) + 5*s(i). List the prime factors of l(6).
2, 7
Let h(n) = -2*n**2 - n + 4. Let z(r) = 3*r**2 - 3. Let o(i) = 4*h(i) + 3*z(i). Suppose 0 = 5*v - 17*v + 60. What are the prime factors of o(v)?
2, 3
Let z be (-238)/(-8) - (-2)/8. Let c = 256 - 284. Let p = c + z. What are the prime factors of p?
2
Let v(k) be the first derivative of k**5/40 - k**4/24 + 5*k**3/3 + 1. Let y(b) be the third derivative of v(b). What are the prime factors of y(3)?
2
Let f(a) = -a**2 - 15*a - 32. Let h be f(-12). List the prime factors of 1/h - 4/((-16)/279).
2, 5, 7
Let s = 45 - 58. Let x(t) = -3*t + 26. What are the prime factors of x(s)?
5, 13
Let o = -19 + 16. Let v(u) = -u - 5. Let x be v(o). List the prime factors of 1/((-23)/(-11) + x).
11
Suppose 5*x + 20 = f, 18 = f - 2*x - 8. Suppose 2*k + f = 4*z, -7*k = 5*z - 2*k. Suppose -z*a - 4*c = c - 145, 6 = -3*c. What are the prime factors of a?
31
Let s(a) be the second derivative of -a**5/20 - a**4/3 - 8*a**3/3 - 5*a**2 - 2*a. List the prime factors of s(-6).
2, 79
Let q = -1133 - -1821. List the prime factors of q.
2, 43
Let x = -8305 + 12231. List the prime factors of x.
2, 13, 151
Let a = 51 - 16. Let v = a + 15. Let k = v - -12. List the prime factors of k.
2, 31
Suppose -4*c = -6*c + l + 799, 5*c - 5*l = 1985. What are the prime factors of c?
2, 3, 67
Let z = -13 + 16. Suppose 3*q + z = 0, -4*j - 6*q = -q + 5. Suppose j = -p - 1, -2*s + p = -3*s + 61. List the prime factors of s.
2, 31
Let w = 11 + -9. Suppose -3*c + 11 = 5*t, 2 + 0 = w*t. Let i(v) = 9*v**2 - 5*v + 4. List the prime factors of i(c).
2, 3, 5
Let w(j) = j**2 - 22. Let a be w(29). Suppose -a = -6*x + 3*x. List the prime factors of x.
3, 7, 13
Let z(n) be the first derivative of n**6/120 - n**5/12 - 5*n**3/6 - n**2/2 - 7. Let y(q) be the second derivative of z(q). List the prime factors of y(6).
31
Let g(h) = -2*h + 24. Suppose 4*u - 18 + 70 = -5*d, -5*d = 3*u + 49. What are the prime factors of g(d)?
2, 5
Let w be 10/(-4)*(-3 - -1). Let z(n) be the second derivative of n**4/12 + 5*n**3/6 + n**2 - n. What are the prime factors of z(w)?
2, 13
What are the prime factors of 22130/(-2 - -4)*70/350?
2213
Let y(w) = 2*w**2 - 7*w + 3. Let c be y(9). Let r be (-18)/27*c/(-4). Suppose 0 = -2*m + 53 + r. List the prime factors of m.
5, 7
Let v = -40 - -11. What are the prime factors of v/(3/(-11 + 2))?
3, 29
Suppose -3*m = -3*i - 204, i - 3 = 2*i. Let s = m + -43. What are the prime factors of s?
2, 11
Let w be (4 - 5)*(-88 - 1). Suppose l - 12 = f + 9, -4*l + w = f. Suppose 4*s - 3*u - 24 = u, -3*u = 5*s - l. List the prime factors of s.
5
Let m(f) = -3*f - 12. Let s be (12/(-10))/((-1)/(-5)). List the prime factors of m(s).
2, 3
Suppose 3*n - 7 = -1. Suppose 